he units digit of x?
4
Suppose 0 = p + 4*o - 49565, -37*p + o = -42*p + 247939. What is the ten thousands digit of p?
4
Let v be (-119)/(-1*(-3)/(-6)). Suppose 107 = 55*b - 3. Suppose -b*j + 4*h + 182 = 0, h - v = -3*j + 42. What is the units digit of j?
3
Let f(l) be the third derivative of l**6/8 + l**5/40 - l**4/12 - 14*l**3/3 - 11*l**2. Let j(s) be the first derivative of f(s). What is the tens digit of j(1)?
4
Suppose -309297 - 133061 = -11*y - 34643. What is the thousands digit of y?
7
What is the units digit of (-155428)/(-18) - -6 - (-2 - (-85)/45)?
1
Suppose 212*v - 206*v = -2172. Let p = -113 - v. What is the units digit of p?
9
Suppose 10*o - 302744 = -77714. What is the thousands digit of o?
2
Let z = -1 - -48. Let t = 109 - z. Suppose 2 + t = 4*c. What is the tens digit of c?
1
Suppose -4*h + 62 - 82 = 0, 3*w - 4*h = 12998. What is the units digit of w?
6
What is the ten thousands digit of (-711873)/(-39) + 108/(-702)?
1
Let l be 2*(-6)/21 - (-117)/21. Suppose 3*h - 762 = l*y - 2*y, -508 = -2*h + 4*y. What is the units digit of h?
4
Let j(r) = r**3 - 9*r**2 + 2*r + 19. Let k be 1/((-10 - -12)/(22*1)). What is the tens digit of j(k)?
8
Let c be (-26)/143 + (-915)/(-11). Let w = c + 4. Suppose -2*b = -w - 49. What is the units digit of b?
8
Suppose 2*h + 807 = 3*q - 473, 0 = -3*h + 5*q - 1920. What is the hundreds digit of (86/4 + 1)*h/(-24)?
6
Suppose -3*k = o - 42017, 31207 + 10794 = 3*k + 5*o. What is the thousands digit of k?
4
Let c be 3 + (-60)/(-8)*(-4)/3. Let d = c - -11. Suppose d*n = -2*n + 18. What is the units digit of n?
3
Let r = 33968 + -19288. What is the tens digit of r?
8
Let w = 16 + -20. What is the hundreds digit of 3*(130 - w) - -1?
4
Suppose 3*d + 43135 + 88520 = 2*s, 18 = -2*d. What is the ten thousands digit of s?
6
Let f(k) = 61*k - 17. Let g(j) = -j - 4. Let c(y) = -f(y) - 2*g(y). What is the units digit of c(-2)?
3
Let h(t) be the first derivative of t**3/3 - t**2 - 8*t + 9. Let m be h(4). Suppose 5*q - 760 + 250 = m. What is the units digit of q?
2
Let d(f) = 802*f**2 + f - 1. Suppose -10 = 4*h + 6*h. What is the units digit of d(h)?
0
Let f(x) = 122*x**3 - 6*x**2 + 23*x - 15. What is the thousands digit of f(4)?
7
Let l(w) = w**3 - 14*w**2 - 15*w + 8. Let v be l(15). Let q(s) = -s**3 + 23*s + 18 - 14*s**2 - v*s**3 + 8*s**3 + 2. What is the hundreds digit of q(-16)?
1
Let y be (-2)/(-22) + 220680/264. Let c = y + -493. What is the hundreds digit of c?
3
What is the hundreds digit of (784/24)/(-3*(-4)/2502)?
8
What is the tens digit of 36/(-63) - (-83428)/28?
7
Suppose 0 = 90*y - 93*y + 12. Suppose 6*r - y*r + 96 = 0. What is the tens digit of 167/6 + (-8)/r?
2
Suppose -16248 = -11*g + 19458. What is the hundreds digit of g?
2
Let s(m) = 2*m + 42. Let i be s(-24). What is the units digit of (8 + -12 + (-22)/i)*-2817?
9
Let v(i) = 25*i - 60. Let b be v(21). Let q = 507 - b. What is the tens digit of q?
4
Let s = -8 + 12. Suppose 2*k - s*j - 38 = 0, -4*k + 42 = -5*j - 34. Suppose -2*t + k = -11. What is the tens digit of t?
1
Let u = -346 + 351. What is the hundreds digit of ((-2)/4)/(u/(-3970))?
3
Suppose -11488035 = -70*m - 121*m - 4*m. What is the thousands digit of m?
8
Let a(v) be the second derivative of -16*v**3/3 - 7*v**2/2 + 11*v. Let j be a(-7). Suppose -2*x - 29 = -j. What is the tens digit of x?
9
Suppose h - 124021 = -4*n, 43*h = 4*n + 39*h - 124036. What is the ten thousands digit of n?
3
Let v = -9716 + 18863. What is the units digit of v?
7
Let z = 5159 - 3124. What is the thousands digit of z?
2
Let k be 0*(-8)/(-32)*(3 - 1). Suppose k = -40*r + 22330 + 12950. What is the units digit of r?
2
What is the thousands digit of (-58510)/(-18) + 70/(-126)?
3
Suppose 21*i + 31516 = 715255. What is the units digit of i?
9
Let t(m) = 29*m**2 + 366 - 361 - m + 36*m. What is the tens digit of t(-6)?
3
Let v be 170/68*8/10. Suppose 1346 + 496 = v*p. What is the tens digit of p?
2
Let r = 18951 + -4671. What is the hundreds digit of r?
2
Suppose -165 = 30*p - 25*p. Let d = -33 - p. Suppose -5*m - 3*c + 237 = 0, 5*m + d*m = 5*c + 205. What is the tens digit of m?
4
Let q be 1610 + 42/24*4 + -3. Let n = -868 + q. What is the units digit of n?
6
Suppose -3*o + 4*t = -1574, -2*t = -3*o + 1081 + 495. Let k = 75 + o. What is the tens digit of k?
0
Let m(f) = 229*f + 132. Suppose 21*y - 5 = 142. What is the tens digit of m(y)?
3
Let f = 22412 + -15746. What is the hundreds digit of f?
6
Let q(g) = -6*g**3 - 3*g**2 + 39*g - 168. What is the thousands digit of q(-17)?
7
Let w = 15936 - 68. What is the hundreds digit of w?
8
Suppose -107*p - 6 = -104*p. What is the hundreds digit of 134 + (-3 + 3)*p/(-2)?
1
Let f = -164 + 174. Suppose 1680 = 4*y - 4*g, 4*y - 6*g = -f*g + 1688. What is the units digit of y?
1
Suppose 2*d = -4*p - 20, 5*d = -2*p + 5*p + 2. What is the units digit of (-167*(-2)/p)/(14/(-28))?
7
Suppose -19*b + 139822 - 21661 = 0. What is the units digit of b?
9
Let a be -33 - -42 - 8/2. Suppose 5*b = 5*g + 1005, 0*b = a*b + 2*g - 991. What is the tens digit of b?
9
Let m = -6005 - -32226. What is the ten thousands digit of m?
2
Let u = -534 - -3303. What is the units digit of u?
9
Let i be (5 + 25/15)*(-6)/(-5). Suppose -5*k + 6 = o - i, -4*k + 3*o = 4. Suppose 5*y - k*q = 245, -q = q. What is the tens digit of y?
4
What is the units digit of ((-4245)/10)/(((-1)/20)/((-2)/(-12)))?
5
Suppose 12*w - 48 = -12*w. Let c = 114 - 55. Suppose -2*l + 6*l - 92 = -4*h, w*h = 3*l - c. What is the tens digit of l?
2
Suppose 2*g + 74 = -3*b, b + 2*b - 164 = 5*g. Let z = 40 + g. What is the tens digit of (-1305)/30*(-16)/z*1?
1
Suppose -72*k + 164832 = -66*k. What is the ten thousands digit of k?
2
What is the ten thousands digit of (155/(-930) - (-1333162)/60) + 8/10?
2
Let m = 59096 - -15976. What is the tens digit of m?
7
Let z(c) = 34*c**3 - 26*c**2 + 201*c - 9. What is the hundreds digit of z(8)?
3
Let k(l) = -1274*l - 8573. What is the units digit of k(-15)?
7
Let g be ((-1)/(-5))/(3/45). Suppose -5*z + g*z = -710. What is the units digit of z?
5
Let g = 105 - -210. Let p be 557/5 - (-4)/(-10). Let k = g - p. What is the hundreds digit of k?
2
Let h(l) = -3*l**3 + l**2. Let q be h(3). Suppose -31*u = -29*u - 248. Let m = q + u. What is the units digit of m?
2
Suppose -2*r = -4*y + 30518, 5*r + 7643 = -29*y + 30*y. What is the hundreds digit of y?
6
Let i = 689 - 371. Suppose 10*o = 8*o + i. What is the units digit of o?
9
Let j = 874 + -870. Suppose 0 = -3*p + 5*d + 4964, p - 349 - 1315 = j*d. What is the tens digit of p?
4
Let u(x) = 3*x**3 - 11*x**2 + 6*x + 3. Let z = 26 - 20. Let d be u(z). Let k = d + -155. What is the tens digit of k?
3
Let s(n) = n - 4. Let p be s(0). What is the hundreds digit of ((-465)/(-6))/(-3 - p)*10?
7
Let h be (24/28)/(2/(-84)). What is the units digit of 176/(-36) - -5 - 40388/h?
2
Suppose d - 6 = -2*d - 2*o, 2*o - 10 = -5*d. Let i be (-10)/(-15) - 352/6 - d. What is the tens digit of (-5)/(i/68)*(1 - -8)?
5
Suppose -x - 1 = -y, 0 = -2*y + 3*y - 4*x + 8. Suppose 4*r + 4108 = 2*w, y*w + 48*r - 8206 = 46*r. What is the units digit of w?
2
Suppose 294 = -22*o + 8*o. Let p(k) = -2*k**3 - 40*k**2 + 27*k + 33. What is the hundreds digit of p(o)?
3
Let y = -49830 - -87321. What is the thousands digit of y?
7
Let t(i) = 4*i**3 + 3*i**2 - 6*i. Let j be t(-2). What is the tens digit of ((-1178)/j)/((-4)/(-16))?
8
Let c be ((-2)/(-3))/(4/30). Let q = 1820 + -1818. Suppose 3*l = l + 6, -q*g + 253 = c*l. What is the hundreds digit of g?
1
Suppose 0 = -4*x + 12, 0 = 2*k + 52*x - 54*x - 1484. What is the tens digit of k?
4
Suppose 2*p + 3*u = 9773, 3*p - 4375 - 10284 = -5*u. What is the thousands digit of p?
4
Suppose 0 = 38*u + 65*u - 1333026. What is the ten thousands digit of u?
1
Suppose -5*g = -3*u + 34, -2*u = 3*u + 2*g - 5. Suppose 6*a - u*a = 1464. What is the units digit of a?
8
Let z(u) = -6 - 84*u - 8 - 7. Let h be z(-5). Suppose t + h = 4*t. What is the tens digit of t?
3
Suppose 29*j = -75*j + 671320. What is the thousands digit of j?
6
Let v be 2/(-2)*548/4. Let l = v + 71. Let x = l + 159. What is the tens digit of x?
9
Suppose -2*s + 5*i - 863 = 0, -i = s + s + 881. Let v = 477 + s. What is the tens digit of v?
3
Let s = -4634 - -14588. What is the units digit of s?
4
Sup